{"id":51,"date":"2021-08-23T19:37:53","date_gmt":"2021-08-23T19:37:53","guid":{"rendered":"https:\/\/hno-veauthier.de\/?page_id=51"},"modified":"2025-07-10T15:47:40","modified_gmt":"2025-07-10T15:47:40","slug":"51-2","status":"publish","type":"page","link":"https:\/\/hno-veauthier.de\/en\/","title":{"rendered":"Privatpraxis Dr. med. Andr\u00e9 Veauthier"},"content":{"rendered":"<div class=\"wp-block-group line-height: 5\"><div class=\"wp-block-group__inner-container is-layout-flow wp-block-group-is-layout-flow\">\n<div class=\"wp-block-group\"><div class=\"wp-block-group__inner-container is-layout-flow wp-block-group-is-layout-flow\">\n<article class=\"wp-block-group has-no-padding coblocks-animate\" data-coblocks-animation=\"fadeIn\"><div class=\"wp-block-group__inner-container is-layout-flow wp-block-group-is-layout-flow\">\n<div class=\"wp-block-group\"><div class=\"wp-block-group__inner-container is-layout-flow wp-block-group-is-layout-flow\">\n<h2 class=\"wp-block-heading has-text-align-center\" id=\"privatpraxisdr-med-andre-veauthier\"><strong>Private Medical Practice<\/strong><br><strong>Dr. med. Andr\u00e9 Veauthier<\/strong><\/h2>\n\n\n\n<div class=\"wp-block-group\"><div class=\"wp-block-group__inner-container is-layout-flow wp-block-group-is-layout-flow\">\n<div class=\"wp-block-group coblocks-animate\" data-coblocks-animation=\"fadeIn\"><div class=\"wp-block-group__inner-container is-layout-flow wp-block-group-is-layout-flow\">\n<div class=\"wp-block-group alignfull has-no-padding\"><div class=\"wp-block-group__inner-container is-layout-flow wp-block-group-is-layout-flow\">\n<div class=\"wp-block-group\"><div class=\"wp-block-group__inner-container is-layout-flow wp-block-group-is-layout-flow\">\n<div class=\"wp-block-group\"><div class=\"wp-block-group__inner-container is-layout-flow wp-block-group-is-layout-flow\">\n<div class=\"wp-block-group\"><div class=\"wp-block-group__inner-container is-layout-flow wp-block-group-is-layout-flow\">\n<div class=\"wp-block-group\"><div class=\"wp-block-group__inner-container is-layout-flow wp-block-group-is-layout-flow\">\n<div class=\"wp-block-columns is-layout-flex wp-container-core-columns-is-layout-9d6595d7 wp-block-columns-is-layout-flex\">\n<div class=\"wp-block-column is-layout-flow wp-block-column-is-layout-flow\" style=\"flex-basis:100%\">\n<div class=\"wp-block-group\"><div class=\"wp-block-group__inner-container is-layout-flow wp-block-group-is-layout-flow\">\n<div class=\"wp-block-group\"><div class=\"wp-block-group__inner-container is-layout-flow wp-block-group-is-layout-flow\">\n<div class=\"wp-block-group\"><div class=\"wp-block-group__inner-container is-layout-flow wp-block-group-is-layout-flow\">\n<p class=\"has-text-align-center has-secondary-color has-text-color has-custom-font-size\">Specialist in ear, nose and throat medicine<br>Allergology | Manual Medicine<br>Ellenbogengasse 6 65183 Wiesbaden<\/p>\n\n\n\n<p class=\"has-text-align-center has-secondary-color has-text-color has-custom-font-size\">Appointments by arrangement<\/p>\n\n\n\n<div class=\"wp-block-buttons alignfull is-content-justification-center is-layout-flex wp-container-core-buttons-is-layout-9ce13686 wp-block-buttons-is-layout-flex\">\n\n\n\n\n<div class=\"wp-block-button has-custom-width has-custom-font-size has-custom-lineheight has-custom-letterspacing is-style-fill\">\n<div class=\"dropdownNOTACTIVE\">\n<a class=\"wp-block-button__link has-black-color has-quaternary-background-color has-text-color has-background wp-element-button\" href=\"https:\/\/arzt.medflex.de\/kontakt\/hno\/wiesbaden\/dr-andre-veauthier\/j3nr6o\" style=\"padding-top:1px;padding-right:1px;padding-bottom:1px;padding-left:1px\" target=\"_blank\" rel=\"noreferrer noopener\"><span style=\"text-decoration: underline;\">Contact<\/span><\/a>\n\n<div class=\"dropdown-content\">\n    <a href=\"https:\/\/arzt.medflex.de\/kontakt\/hno\/wiesbaden\/dr-andre-veauthier\/j3nr6o\">medflex<\/a>\n    <a href=\"https:\/\/netsfere.me\/drandreveauthier\">NetSfere<\/a> \n<\/div>\n<\/div>\n<\/div>\n\n\n\n\n\n\n\n<div class=\"wp-block-button has-custom-width has-custom-font-size has-custom-lineheight has-custom-letterspacing is-style-fill\"><a class=\"wp-block-button__link has-black-color has-quaternary-background-color has-text-color has-background wp-element-button\" href=\"https:\/\/hno-veauthier.de\/en\/terminvereinbarung\/\" style=\"padding-top:1px;padding-right:1px;padding-bottom:1px;padding-left:1px\" target=\"_blank\" rel=\"noreferrer noopener\"><span style=\"text-decoration: underline;\">Appointments<\/span><\/a><\/div>\n<\/div>\n\n\n\n<p class=\"has-text-align-center has-secondary-color has-inherit-color has-text-color has-custom-font-size\">Phone: +49 611 16858695<\/p>\n<\/div><\/div>\n<\/div><\/div>\n<\/div><\/div>\n<\/div>\n<\/div>\n<\/div><\/div>\n<\/div><\/div>\n<\/div><\/div>\n<\/div><\/div>\n<\/div><\/div>\n<\/div><\/div>\n<\/div><\/div>\n<\/div><\/div>\n<\/div><\/article>\n<\/div><\/div>\n<\/div><\/div>\n\n\n\n<div class=\"wp-block-columns is-layout-flex wp-container-core-columns-is-layout-9d6595d7 wp-block-columns-is-layout-flex\">\n<div class=\"wp-block-column is-layout-flow wp-block-column-is-layout-flow\" style=\"flex-basis:100%\">\n<div class=\"wp-block-columns are-vertically-aligned-center is-layout-flex wp-container-core-columns-is-layout-9d6595d7 wp-block-columns-is-layout-flex\">\n<div class=\"wp-block-column is-vertically-aligned-center is-layout-flow wp-block-column-is-layout-flow\" style=\"flex-basis:100%\">\n<div class=\"wp-block-columns are-vertically-aligned-center has-neve-text-color-color has-text-color is-layout-flex wp-container-core-columns-is-layout-9d6595d7 wp-block-columns-is-layout-flex\">\n<div class=\"wp-block-column is-vertically-aligned-center is-layout-flow wp-block-column-is-layout-flow\" style=\"flex-basis:100%\">\n<div class=\"wp-block-columns coblocks-animate is-layout-flex wp-container-core-columns-is-layout-9d6595d7 wp-block-columns-is-layout-flex\" data-coblocks-animation=\"fadeIn\">\n<div class=\"wp-block-column is-layout-flow wp-block-column-is-layout-flow\" style=\"flex-basis:100%\">\n<div class=\"wp-block-columns is-layout-flex wp-container-core-columns-is-layout-9d6595d7 wp-block-columns-is-layout-flex\">\n<div class=\"wp-block-column is-layout-flow wp-block-column-is-layout-flow\" style=\"flex-basis:100%\">\n<div class=\"wp-block-columns is-layout-flex wp-container-core-columns-is-layout-9d6595d7 wp-block-columns-is-layout-flex\">\n<div class=\"wp-block-column is-layout-flow wp-block-column-is-layout-flow\" style=\"flex-basis:100%\"><\/div>\n<\/div>\n<\/div>\n<\/div>\n<\/div>\n<\/div>\n<\/div>\n<\/div>\n<\/div>\n<\/div>\n<\/div>\n<\/div>","protected":false},"excerpt":{"rendered":"<p>PRIVATPRAXISDr. med. Andr\u00e9 Veauthier Facharzt f\u00fcr Hals-Nasen-OhrenheilkundeAllergologie | Manuelle MedizinEllenbogengasse 6 65183 Wiesbaden Termine nach Vereinbarung Telefon: +49 611 16858695<\/p>","protected":false},"author":1,"featured_media":0,"parent":0,"menu_order":0,"comment_status":"closed","ping_status":"closed","template":"","meta":{"_coblocks_attr":"KarlaAbril FatfaceAbril Fatface,Anton,Open Sans,,Arial,","_coblocks_dimensions":"","_coblocks_responsive_height":"","_coblocks_accordion_ie_support":"","hide_page_title":"enabled","footnotes":""},"class_list":["post-51","page","type-page","status-publish","hentry"],"yoast_head":"<!-- This site is optimized with the Yoast SEO plugin v26.6 - https:\/\/yoast.com\/wordpress\/plugins\/seo\/ -->\n<title>Privatpraxis Dr. med. Andr\u00e9 Veauthier<\/title>\n<meta name=\"robots\" content=\"index, follow, max-snippet:-1, max-image-preview:large, max-video-preview:-1\" \/>\n<link rel=\"canonical\" href=\"https:\/\/hno-veauthier.de\/en\/\" \/>\n<meta property=\"og:locale\" content=\"en_US\" \/>\n<meta property=\"og:type\" content=\"article\" \/>\n<meta property=\"og:title\" content=\"Privatpraxis Dr. med. Andr\u00e9 Veauthier\" \/>\n<meta property=\"og:description\" content=\"PRIVATPRAXISDr. med. Andr\u00e9 Veauthier Facharzt f\u00fcr Hals-Nasen-OhrenheilkundeAllergologie | Manuelle MedizinEllenbogengasse 6 65183 Wiesbaden Termine nach Vereinbarung Telefon: +49 611 16858695\" \/>\n<meta property=\"og:url\" content=\"https:\/\/hno-veauthier.de\/en\/\" \/>\n<meta property=\"article:modified_time\" content=\"2025-07-10T15:47:40+00:00\" \/>\n<meta name=\"twitter:card\" content=\"summary_large_image\" \/>\n<meta name=\"twitter:label1\" content=\"Est. reading time\" \/>\n\t<meta name=\"twitter:data1\" content=\"1 minute\" \/>\n<script type=\"application\/ld+json\" class=\"yoast-schema-graph\">{\"@context\":\"https:\/\/schema.org\",\"@graph\":[{\"@type\":\"WebPage\",\"@id\":\"https:\/\/hno-veauthier.de\/\",\"url\":\"https:\/\/hno-veauthier.de\/\",\"name\":\"Privatpraxis Dr. med. Andr\u00e9 Veauthier\",\"isPartOf\":{\"@id\":\"https:\/\/hno-veauthier.de\/#website\"},\"datePublished\":\"2021-08-23T19:37:53+00:00\",\"dateModified\":\"2025-07-10T15:47:40+00:00\",\"breadcrumb\":{\"@id\":\"https:\/\/hno-veauthier.de\/#breadcrumb\"},\"inLanguage\":\"en-US\",\"potentialAction\":[{\"@type\":\"ReadAction\",\"target\":[\"https:\/\/hno-veauthier.de\/\"]}]},{\"@type\":\"BreadcrumbList\",\"@id\":\"https:\/\/hno-veauthier.de\/#breadcrumb\",\"itemListElement\":[{\"@type\":\"ListItem\",\"position\":1,\"name\":\"Startseite\",\"item\":\"https:\/\/hno-veauthier.de\/\"},{\"@type\":\"ListItem\",\"position\":2,\"name\":\"Privatpraxis Dr. med. Andr\u00e9 Veauthier\"}]},{\"@type\":\"WebSite\",\"@id\":\"https:\/\/hno-veauthier.de\/#website\",\"url\":\"https:\/\/hno-veauthier.de\/\",\"name\":\"\",\"description\":\"\",\"potentialAction\":[{\"@type\":\"SearchAction\",\"target\":{\"@type\":\"EntryPoint\",\"urlTemplate\":\"https:\/\/hno-veauthier.de\/?s={search_term_string}\"},\"query-input\":{\"@type\":\"PropertyValueSpecification\",\"valueRequired\":true,\"valueName\":\"search_term_string\"}}],\"inLanguage\":\"en-US\"}]}<\/script>\n<!-- \/ Yoast SEO plugin. -->","yoast_head_json":{"title":"Privatpraxis Dr. med. Andr\u00e9 Veauthier","robots":{"index":"index","follow":"follow","max-snippet":"max-snippet:-1","max-image-preview":"max-image-preview:large","max-video-preview":"max-video-preview:-1"},"canonical":"https:\/\/hno-veauthier.de\/en\/","og_locale":"en_US","og_type":"article","og_title":"Privatpraxis Dr. med. Andr\u00e9 Veauthier","og_description":"PRIVATPRAXISDr. med. Andr\u00e9 Veauthier Facharzt f\u00fcr Hals-Nasen-OhrenheilkundeAllergologie | Manuelle MedizinEllenbogengasse 6 65183 Wiesbaden Termine nach Vereinbarung Telefon: +49 611 16858695","og_url":"https:\/\/hno-veauthier.de\/en\/","article_modified_time":"2025-07-10T15:47:40+00:00","twitter_card":"summary_large_image","twitter_misc":{"Est. reading time":"1 minute"},"schema":{"@context":"https:\/\/schema.org","@graph":[{"@type":"WebPage","@id":"https:\/\/hno-veauthier.de\/","url":"https:\/\/hno-veauthier.de\/","name":"Privatpraxis Dr. med. Andr\u00e9 Veauthier","isPartOf":{"@id":"https:\/\/hno-veauthier.de\/#website"},"datePublished":"2021-08-23T19:37:53+00:00","dateModified":"2025-07-10T15:47:40+00:00","breadcrumb":{"@id":"https:\/\/hno-veauthier.de\/#breadcrumb"},"inLanguage":"en-US","potentialAction":[{"@type":"ReadAction","target":["https:\/\/hno-veauthier.de\/"]}]},{"@type":"BreadcrumbList","@id":"https:\/\/hno-veauthier.de\/#breadcrumb","itemListElement":[{"@type":"ListItem","position":1,"name":"Startseite","item":"https:\/\/hno-veauthier.de\/"},{"@type":"ListItem","position":2,"name":"Privatpraxis Dr. med. Andr\u00e9 Veauthier"}]},{"@type":"WebSite","@id":"https:\/\/hno-veauthier.de\/#website","url":"https:\/\/hno-veauthier.de\/","name":"","description":"","potentialAction":[{"@type":"SearchAction","target":{"@type":"EntryPoint","urlTemplate":"https:\/\/hno-veauthier.de\/?s={search_term_string}"},"query-input":{"@type":"PropertyValueSpecification","valueRequired":true,"valueName":"search_term_string"}}],"inLanguage":"en-US"}]}},"_links":{"self":[{"href":"https:\/\/hno-veauthier.de\/en\/wp-json\/wp\/v2\/pages\/51","targetHints":{"allow":["GET"]}}],"collection":[{"href":"https:\/\/hno-veauthier.de\/en\/wp-json\/wp\/v2\/pages"}],"about":[{"href":"https:\/\/hno-veauthier.de\/en\/wp-json\/wp\/v2\/types\/page"}],"author":[{"embeddable":true,"href":"https:\/\/hno-veauthier.de\/en\/wp-json\/wp\/v2\/users\/1"}],"replies":[{"embeddable":true,"href":"https:\/\/hno-veauthier.de\/en\/wp-json\/wp\/v2\/comments?post=51"}],"version-history":[{"count":379,"href":"https:\/\/hno-veauthier.de\/en\/wp-json\/wp\/v2\/pages\/51\/revisions"}],"predecessor-version":[{"id":1079,"href":"https:\/\/hno-veauthier.de\/en\/wp-json\/wp\/v2\/pages\/51\/revisions\/1079"}],"wp:attachment":[{"href":"https:\/\/hno-veauthier.de\/en\/wp-json\/wp\/v2\/media?parent=51"}],"curies":[{"name":"wp","href":"https:\/\/api.w.org\/{rel}","templated":true}]}}

Privatpraxis Dr. med. André Veauthier

<div class="wp-block-group line-height: 5"><div class="wp-block-group__inner-container is-layout-flow wp-block-group-is-layout-flow">
<div class="wp-block-group"><div class="wp-block-group__inner-container is-layout-flow wp-block-group-is-layout-flow">
<article class="wp-block-group has-no-padding coblocks-animate" data-coblocks-animation="fadeIn"><div class="wp-block-group__inner-container is-layout-flow wp-block-group-is-layout-flow">
<div class="wp-block-group"><div class="wp-block-group__inner-container is-layout-flow wp-block-group-is-layout-flow">
<h2 class="wp-block-heading has-text-align-center" id="privatpraxisdr-med-andre-veauthier"><strong>Private Medical Practice</strong><br><strong>Dr. med. André Veauthier</strong></h2>



<div class="wp-block-group"><div class="wp-block-group__inner-container is-layout-flow wp-block-group-is-layout-flow">
<div class="wp-block-group coblocks-animate" data-coblocks-animation="fadeIn"><div class="wp-block-group__inner-container is-layout-flow wp-block-group-is-layout-flow">
<div class="wp-block-group alignfull has-no-padding"><div class="wp-block-group__inner-container is-layout-flow wp-block-group-is-layout-flow">
<div class="wp-block-group"><div class="wp-block-group__inner-container is-layout-flow wp-block-group-is-layout-flow">
<div class="wp-block-group"><div class="wp-block-group__inner-container is-layout-flow wp-block-group-is-layout-flow">
<div class="wp-block-group"><div class="wp-block-group__inner-container is-layout-flow wp-block-group-is-layout-flow">
<div class="wp-block-group"><div class="wp-block-group__inner-container is-layout-flow wp-block-group-is-layout-flow">
<div class="wp-block-columns is-layout-flex wp-container-core-columns-is-layout-9d6595d7 wp-block-columns-is-layout-flex">
<div class="wp-block-column is-layout-flow wp-block-column-is-layout-flow" style="flex-basis:100%">
<div class="wp-block-group"><div class="wp-block-group__inner-container is-layout-flow wp-block-group-is-layout-flow">
<div class="wp-block-group"><div class="wp-block-group__inner-container is-layout-flow wp-block-group-is-layout-flow">
<div class="wp-block-group"><div class="wp-block-group__inner-container is-layout-flow wp-block-group-is-layout-flow">
<p class="has-text-align-center has-secondary-color has-text-color has-custom-font-size">Specialist in ear, nose and throat medicine<br>Allergology | Manual Medicine<br>Ellenbogengasse 6 65183 Wiesbaden</p>



<p class="has-text-align-center has-secondary-color has-text-color has-custom-font-size">Appointments by arrangement</p>



<div class="wp-block-buttons alignfull is-content-justification-center is-layout-flex wp-container-core-buttons-is-layout-9ce13686 wp-block-buttons-is-layout-flex">




<div class="wp-block-button has-custom-width has-custom-font-size has-custom-lineheight has-custom-letterspacing is-style-fill">
<div class="dropdownNOTACTIVE">
<a class="wp-block-button__link has-black-color has-quaternary-background-color has-text-color has-background wp-element-button" href="https://arzt.medflex.de/kontakt/hno/wiesbaden/dr-andre-veauthier/j3nr6o" style="padding-top:1px;padding-right:1px;padding-bottom:1px;padding-left:1px" target="_blank" rel="noreferrer noopener"><span style="text-decoration: underline;">Contact</span></a>

<div class="dropdown-content">
    <a href="https://arzt.medflex.de/kontakt/hno/wiesbaden/dr-andre-veauthier/j3nr6o">medflex</a>
    <a href="https://netsfere.me/drandreveauthier">NetSfere</a> 
</div>
</div>
</div>







<div class="wp-block-button has-custom-width has-custom-font-size has-custom-lineheight has-custom-letterspacing is-style-fill"><a class="wp-block-button__link has-black-color has-quaternary-background-color has-text-color has-background wp-element-button" href="https://hno-veauthier.de/en/terminvereinbarung/" style="padding-top:1px;padding-right:1px;padding-bottom:1px;padding-left:1px" target="_blank" rel="noreferrer noopener"><span style="text-decoration: underline;">Appointments</span></a></div>
</div>



<p class="has-text-align-center has-secondary-color has-inherit-color has-text-color has-custom-font-size">Phone: +49 611 16858695</p>
</div></div>
</div></div>
</div></div>
</div>
</div>
</div></div>
</div></div>
</div></div>
</div></div>
</div></div>
</div></div>
</div></div>
</div></div>
</div></article>
</div></div>
</div></div>



<div class="wp-block-columns is-layout-flex wp-container-core-columns-is-layout-9d6595d7 wp-block-columns-is-layout-flex">
<div class="wp-block-column is-layout-flow wp-block-column-is-layout-flow" style="flex-basis:100%">
<div class="wp-block-columns are-vertically-aligned-center is-layout-flex wp-container-core-columns-is-layout-9d6595d7 wp-block-columns-is-layout-flex">
<div class="wp-block-column is-vertically-aligned-center is-layout-flow wp-block-column-is-layout-flow" style="flex-basis:100%">
<div class="wp-block-columns are-vertically-aligned-center has-neve-text-color-color has-text-color is-layout-flex wp-container-core-columns-is-layout-9d6595d7 wp-block-columns-is-layout-flex">
<div class="wp-block-column is-vertically-aligned-center is-layout-flow wp-block-column-is-layout-flow" style="flex-basis:100%">
<div class="wp-block-columns coblocks-animate is-layout-flex wp-container-core-columns-is-layout-9d6595d7 wp-block-columns-is-layout-flex" data-coblocks-animation="fadeIn">
<div class="wp-block-column is-layout-flow wp-block-column-is-layout-flow" style="flex-basis:100%">
<div class="wp-block-columns is-layout-flex wp-container-core-columns-is-layout-9d6595d7 wp-block-columns-is-layout-flex">
<div class="wp-block-column is-layout-flow wp-block-column-is-layout-flow" style="flex-basis:100%">
<div class="wp-block-columns is-layout-flex wp-container-core-columns-is-layout-9d6595d7 wp-block-columns-is-layout-flex">
<div class="wp-block-column is-layout-flow wp-block-column-is-layout-flow" style="flex-basis:100%"></div>
</div>
</div>
</div>
</div>
</div>
</div>
</div>
</div>
</div>
</div>
</div>

<p>PRIVATPRAXISDr. med. André Veauthier Facharzt für Hals-Nasen-OhrenheilkundeAllergologie | Manuelle MedizinEllenbogengasse 6 65183 Wiesbaden Termine nach Vereinbarung Telefon: +49 611 16858695</p>

<!-- This site is optimized with the Yoast SEO plugin v26.6 - https://yoast.com/wordpress/plugins/seo/ -->
<title>Privatpraxis Dr. med. André Veauthier</title>
<meta name="robots" content="index, follow, max-snippet:-1, max-image-preview:large, max-video-preview:-1" />
<link rel="canonical" href="https://hno-veauthier.de/en/" />
<meta property="og:locale" content="en_US" />
<meta property="og:type" content="article" />
<meta property="og:title" content="Privatpraxis Dr. med. André Veauthier" />
<meta property="og:description" content="PRIVATPRAXISDr. med. André Veauthier Facharzt für Hals-Nasen-OhrenheilkundeAllergologie | Manuelle MedizinEllenbogengasse 6 65183 Wiesbaden Termine nach Vereinbarung Telefon: +49 611 16858695" />
<meta property="og:url" content="https://hno-veauthier.de/en/" />
<meta property="article:modified_time" content="2025-07-10T15:47:40+00:00" />
<meta name="twitter:card" content="summary_large_image" />
<meta name="twitter:label1" content="Est. reading time" />
	<meta name="twitter:data1" content="1 minute" />
<script type="application/ld+json" class="yoast-schema-graph">{"@context":"https://schema.org","@graph":[{"@type":"WebPage","@id":"https://hno-veauthier.de/","url":"https://hno-veauthier.de/","name":"Privatpraxis Dr. med. André Veauthier","isPartOf":{"@id":"https://hno-veauthier.de/#website"},"datePublished":"2021-08-23T19:37:53+00:00","dateModified":"2025-07-10T15:47:40+00:00","breadcrumb":{"@id":"https://hno-veauthier.de/#breadcrumb"},"inLanguage":"en-US","potentialAction":[{"@type":"ReadAction","target":["https://hno-veauthier.de/"]}]},{"@type":"BreadcrumbList","@id":"https://hno-veauthier.de/#breadcrumb","itemListElement":[{"@type":"ListItem","position":1,"name":"Startseite","item":"https://hno-veauthier.de/"},{"@type":"ListItem","position":2,"name":"Privatpraxis Dr. med. André Veauthier"}]},{"@type":"WebSite","@id":"https://hno-veauthier.de/#website","url":"https://hno-veauthier.de/","name":"","description":"","potentialAction":[{"@type":"SearchAction","target":{"@type":"EntryPoint","urlTemplate":"https://hno-veauthier.de/?s={search_term_string}"},"query-input":{"@type":"PropertyValueSpecification","valueRequired":true,"valueName":"search_term_string"}}],"inLanguage":"en-US"}]}</script>
<!-- / Yoast SEO plugin. -->

PRIVATPRAXISDr. med. André Veauthier Facharzt für Hals-Nasen-OhrenheilkundeAllergologie | Manuelle MedizinEllenbogengasse 6 65183 Wiesbaden Termine nach Vereinbarung Telefon: +49 611 16858695
